{"id":7,"date":"2024-01-29T12:37:51","date_gmt":"2024-01-29T15:37:51","guid":{"rendered":"https:\/\/infartexpress.hub369.com.br\/?page_id=7"},"modified":"2024-04-23T09:19:42","modified_gmt":"2024-04-23T12:19:42","slug":"credito-facil-fgts","status":"publish","type":"page","link":"https:\/\/infartexpress.hub369.com.br\/index.php\/credito-facil-fgts\/","title":{"rendered":"Cr\u00e9dito F\u00e1cil FGTS"},"content":{"rendered":"\n<div class=\"wp-block-cover alignfull\" style=\"min-height:720px;aspect-ratio:unset;\"><span aria-hidden=\"true\" class=\"wp-block-cover__background has-background-dim-100 has-background-dim has-background-gradient\" style=\"background:linear-gradient(299deg,rgb(2,3,129) 0%,rgb(40,116,252) 100%)\"><\/span><div class=\"wp-block-cover__inner-container is-layout-flow wp-block-cover-is-layout-flow\">\n<div class=\"inherit-container-width wp-block-group alignwide is-layout-constrained wp-block-group-is-layout-constrained\">\n<div class=\"wp-block-cover alignfull has-parallax has-medium-font-size\"><span aria-hidden=\"true\" class=\"wp-block-cover__background has-background-dim\"><\/span><div class=\"wp-block-cover__image-background wp-image-498 has-parallax\" style=\"background-position:50% 50%;background-image:url(https:\/\/infartexpress.hub369.com.br\/wp-content\/uploads\/2024\/04\/2.png)\"><\/div><div class=\"wp-block-cover__inner-container is-layout-flow wp-block-cover-is-layout-flow\">\n<h1 class=\"wp-block-heading has-text-align-left has-white-color has-text-color\">Cr\u00e9dito F\u00e1cil FGTS<\/h1>\n\n\n\n<p>Antecipe o saque do FGTS e tenha dinheiro na hora!<\/p>\n\n\n\n<div class=\"wp-block-buttons is-layout-flex wp-block-buttons-is-layout-flex\">\n<div class=\"wp-block-button\"><a class=\"wp-block-button__link wp-element-button\" href=\"https:\/\/contratacao-digital.azurewebsites.net\/home\/dXh6aWVHZ1hVU2htNElwQnJ1V21sSzdhbHZHK2MxQklySkZQem81b3ZFNjcvL3BoZWpraVlrLytZS2IyZXNEaA==\" target=\"_blank\" rel=\"noreferrer noopener\">Clique aqui para simular<\/a><\/div>\n<\/div>\n<\/div><\/div>\n<\/div>\n<\/div><\/div>\n\n\n\n<div class=\"wp-block-group alignfull has-ast-global-color-5-background-color has-background is-layout-constrained wp-container-core-group-is-layout-2 wp-block-group-is-layout-constrained\" style=\"padding-bottom:0px\">\n<div class=\"wp-block-columns are-vertically-aligned-top is-layout-flex wp-container-core-columns-is-layout-1 wp-block-columns-is-layout-flex\">\n<div class=\"wp-block-column is-vertically-aligned-top is-layout-flow wp-container-core-column-is-layout-1 wp-block-column-is-layout-flow\">\n<figure class=\"wp-block-image aligncenter size-full\"><img loading=\"lazy\" decoding=\"async\" width=\"3375\" height=\"3375\" src=\"https:\/\/infartexpress.hub369.com.br\/wp-content\/uploads\/2024\/04\/8.png\" alt=\"\" class=\"wp-image-405\" srcset=\"https:\/\/infartexpress.hub369.com.br\/wp-content\/uploads\/2024\/04\/8.png 3375w, https:\/\/infartexpress.hub369.com.br\/wp-content\/uploads\/2024\/04\/8-300x300.png 300w, https:\/\/infartexpress.hub369.com.br\/wp-content\/uploads\/2024\/04\/8-1024x1024.png 1024w, https:\/\/infartexpress.hub369.com.br\/wp-content\/uploads\/2024\/04\/8-150x150.png 150w, https:\/\/infartexpress.hub369.com.br\/wp-content\/uploads\/2024\/04\/8-768x768.png 768w, https:\/\/infartexpress.hub369.com.br\/wp-content\/uploads\/2024\/04\/8-1536x1536.png 1536w, https:\/\/infartexpress.hub369.com.br\/wp-content\/uploads\/2024\/04\/8-2048x2048.png 2048w\" sizes=\"(max-width: 3375px) 100vw, 3375px\" \/><\/figure>\n<\/div>\n\n\n\n<div class=\"wp-block-column is-vertically-aligned-top is-layout-flow wp-container-core-column-is-layout-2 wp-block-column-is-layout-flow\">\n<figure class=\"wp-block-image aligncenter size-full\"><img loading=\"lazy\" decoding=\"async\" width=\"3375\" height=\"3375\" src=\"https:\/\/infartexpress.hub369.com.br\/wp-content\/uploads\/2024\/04\/9.png\" alt=\"\" class=\"wp-image-406\" srcset=\"https:\/\/infartexpress.hub369.com.br\/wp-content\/uploads\/2024\/04\/9.png 3375w, https:\/\/infartexpress.hub369.com.br\/wp-content\/uploads\/2024\/04\/9-300x300.png 300w, https:\/\/infartexpress.hub369.com.br\/wp-content\/uploads\/2024\/04\/9-1024x1024.png 1024w, https:\/\/infartexpress.hub369.com.br\/wp-content\/uploads\/2024\/04\/9-150x150.png 150w, https:\/\/infartexpress.hub369.com.br\/wp-content\/uploads\/2024\/04\/9-768x768.png 768w, https:\/\/infartexpress.hub369.com.br\/wp-content\/uploads\/2024\/04\/9-1536x1536.png 1536w, https:\/\/infartexpress.hub369.com.br\/wp-content\/uploads\/2024\/04\/9-2048x2048.png 2048w\" sizes=\"(max-width: 3375px) 100vw, 3375px\" \/><\/figure>\n<\/div>\n\n\n\n<div class=\"wp-block-column is-vertically-aligned-top is-layout-flow wp-container-core-column-is-layout-3 wp-block-column-is-layout-flow\">\n<figure class=\"wp-block-image size-full\"><img loading=\"lazy\" decoding=\"async\" width=\"3375\" height=\"3375\" src=\"https:\/\/infartexpress.hub369.com.br\/wp-content\/uploads\/2024\/04\/10.png\" alt=\"\" class=\"wp-image-408\" srcset=\"https:\/\/infartexpress.hub369.com.br\/wp-content\/uploads\/2024\/04\/10.png 3375w, https:\/\/infartexpress.hub369.com.br\/wp-content\/uploads\/2024\/04\/10-300x300.png 300w, https:\/\/infartexpress.hub369.com.br\/wp-content\/uploads\/2024\/04\/10-1024x1024.png 1024w, https:\/\/infartexpress.hub369.com.br\/wp-content\/uploads\/2024\/04\/10-150x150.png 150w, https:\/\/infartexpress.hub369.com.br\/wp-content\/uploads\/2024\/04\/10-768x768.png 768w, https:\/\/infartexpress.hub369.com.br\/wp-content\/uploads\/2024\/04\/10-1536x1536.png 1536w, https:\/\/infartexpress.hub369.com.br\/wp-content\/uploads\/2024\/04\/10-2048x2048.png 2048w\" sizes=\"(max-width: 3375px) 100vw, 3375px\" \/><\/figure>\n<\/div>\n<\/div>\n<\/div>\n\n\n\n<div class=\"wp-block-group alignfull has-ast-global-color-5-background-color has-background is-layout-constrained wp-container-core-group-is-layout-3 wp-block-group-is-layout-constrained\" style=\"padding-bottom:0px\">\n<div class=\"wp-block-columns are-vertically-aligned-top is-layout-flex wp-container-core-columns-is-layout-2 wp-block-columns-is-layout-flex\">\n<div class=\"wp-block-column is-vertically-aligned-top is-layout-flow wp-container-core-column-is-layout-4 wp-block-column-is-layout-flow\">\n<figure class=\"wp-block-image size-full\"><img loading=\"lazy\" decoding=\"async\" width=\"3375\" height=\"3375\" src=\"https:\/\/infartexpress.hub369.com.br\/wp-content\/uploads\/2024\/04\/12.png\" alt=\"\" class=\"wp-image-409\" srcset=\"https:\/\/infartexpress.hub369.com.br\/wp-content\/uploads\/2024\/04\/12.png 3375w, https:\/\/infartexpress.hub369.com.br\/wp-content\/uploads\/2024\/04\/12-300x300.png 300w, https:\/\/infartexpress.hub369.com.br\/wp-content\/uploads\/2024\/04\/12-1024x1024.png 1024w, https:\/\/infartexpress.hub369.com.br\/wp-content\/uploads\/2024\/04\/12-150x150.png 150w, https:\/\/infartexpress.hub369.com.br\/wp-content\/uploads\/2024\/04\/12-768x768.png 768w, https:\/\/infartexpress.hub369.com.br\/wp-content\/uploads\/2024\/04\/12-1536x1536.png 1536w, https:\/\/infartexpress.hub369.com.br\/wp-content\/uploads\/2024\/04\/12-2048x2048.png 2048w\" sizes=\"(max-width: 3375px) 100vw, 3375px\" \/><\/figure>\n<\/div>\n\n\n\n<div class=\"wp-block-column is-vertically-aligned-top is-layout-flow wp-container-core-column-is-layout-5 wp-block-column-is-layout-flow\">\n<figure class=\"wp-block-image size-full\"><img loading=\"lazy\" decoding=\"async\" width=\"3375\" height=\"3375\" src=\"https:\/\/infartexpress.hub369.com.br\/wp-content\/uploads\/2024\/04\/13.png\" alt=\"\" class=\"wp-image-410\" srcset=\"https:\/\/infartexpress.hub369.com.br\/wp-content\/uploads\/2024\/04\/13.png 3375w, https:\/\/infartexpress.hub369.com.br\/wp-content\/uploads\/2024\/04\/13-300x300.png 300w, https:\/\/infartexpress.hub369.com.br\/wp-content\/uploads\/2024\/04\/13-1024x1024.png 1024w, https:\/\/infartexpress.hub369.com.br\/wp-content\/uploads\/2024\/04\/13-150x150.png 150w, https:\/\/infartexpress.hub369.com.br\/wp-content\/uploads\/2024\/04\/13-768x768.png 768w, https:\/\/infartexpress.hub369.com.br\/wp-content\/uploads\/2024\/04\/13-1536x1536.png 1536w, https:\/\/infartexpress.hub369.com.br\/wp-content\/uploads\/2024\/04\/13-2048x2048.png 2048w\" sizes=\"(max-width: 3375px) 100vw, 3375px\" \/><\/figure>\n<\/div>\n\n\n\n<div class=\"wp-block-column is-vertically-aligned-top is-layout-flow wp-container-core-column-is-layout-6 wp-block-column-is-layout-flow\">\n<figure class=\"wp-block-image size-full\"><img loading=\"lazy\" decoding=\"async\" width=\"3375\" height=\"3375\" src=\"https:\/\/infartexpress.hub369.com.br\/wp-content\/uploads\/2024\/04\/14.png\" alt=\"\" class=\"wp-image-411\" srcset=\"https:\/\/infartexpress.hub369.com.br\/wp-content\/uploads\/2024\/04\/14.png 3375w, https:\/\/infartexpress.hub369.com.br\/wp-content\/uploads\/2024\/04\/14-300x300.png 300w, https:\/\/infartexpress.hub369.com.br\/wp-content\/uploads\/2024\/04\/14-1024x1024.png 1024w, https:\/\/infartexpress.hub369.com.br\/wp-content\/uploads\/2024\/04\/14-150x150.png 150w, https:\/\/infartexpress.hub369.com.br\/wp-content\/uploads\/2024\/04\/14-768x768.png 768w, https:\/\/infartexpress.hub369.com.br\/wp-content\/uploads\/2024\/04\/14-1536x1536.png 1536w, https:\/\/infartexpress.hub369.com.br\/wp-content\/uploads\/2024\/04\/14-2048x2048.png 2048w\" sizes=\"(max-width: 3375px) 100vw, 3375px\" \/><\/figure>\n<\/div>\n<\/div>\n<\/div>\n\n\n\n<hr class=\"wp-block-separator has-alpha-channel-opacity is-style-wide\"\/>\n\n\n\n<div class=\"wp-block-group alignfull has-ast-global-color-5-background-color has-background is-layout-constrained wp-container-core-group-is-layout-4 wp-block-group-is-layout-constrained\" style=\"padding-bottom:0px\">\n<h2 class=\"wp-block-heading\">Como funciona?<\/h2>\n\n\n\n<p class=\"has-text-align-left\">\u00c9 poss\u00edvel fazer a antecipa\u00e7\u00e3o do saque-anivers\u00e1rio com todas as contas FGTS vinculadas (ativas ou inativas) que contenham saldo. Al\u00e9m disso, ter escolhido a modalidade \u201csaque-anivers\u00e1rio\u201d e:<\/p>\n\n\n\n<div class=\"wp-block-columns are-vertically-aligned-top is-layout-flex wp-container-core-columns-is-layout-3 wp-block-columns-is-layout-flex\">\n<div class=\"wp-block-column is-vertically-aligned-top is-layout-flow wp-container-core-column-is-layout-7 wp-block-column-is-layout-flow\">\n<figure class=\"wp-block-image size-large\"><img decoding=\"async\" src=\"https:\/\/infartexpress.hub369.com.br\/wp-content\/themes\/astra\/inc\/assets\/images\/starter-content\/building.svg\" alt=\"\" class=\"wp-image-134\"\/><\/figure>\n\n\n\n<h3 class=\"wp-block-heading has-text-align-left\" style=\"margin-top:16px\">Ter mais de 18 anos<\/h3>\n\n\n\n<p><\/p>\n<\/div>\n\n\n\n<div class=\"wp-block-column is-vertically-aligned-top is-layout-flow wp-container-core-column-is-layout-8 wp-block-column-is-layout-flow\">\n<figure class=\"wp-block-image size-large\"><img decoding=\"async\" src=\"https:\/\/infartexpress.hub369.com.br\/wp-content\/themes\/astra\/inc\/assets\/images\/starter-content\/shopping-bag.svg\" alt=\"\" class=\"wp-image-135\"\/><\/figure>\n\n\n\n<h3 class=\"wp-block-heading has-text-align-left\" style=\"margin-top:16px\">Ter uma conta corrente ou poupan\u00e7a<\/h3>\n\n\n\n<p><\/p>\n<\/div>\n\n\n\n<div class=\"wp-block-column is-vertically-aligned-top is-layout-flow wp-container-core-column-is-layout-9 wp-block-column-is-layout-flow\">\n<figure class=\"wp-block-image size-large\"><img decoding=\"async\" src=\"https:\/\/infartexpress.hub369.com.br\/wp-content\/themes\/astra\/inc\/assets\/images\/starter-content\/blog.svg\" alt=\"\" class=\"wp-image-136\"\/><\/figure>\n\n\n\n<h3 class=\"wp-block-heading has-text-align-left\" style=\"margin-top:16px\">Possuir saldo em seu FGTS<\/h3>\n\n\n\n<p><\/p>\n<\/div>\n<\/div>\n<\/div>\n\n\n\n<div class=\"wp-block-group alignfull has-ast-global-color-5-background-color has-background is-layout-constrained wp-container-core-group-is-layout-5 wp-block-group-is-layout-constrained\" style=\"padding-bottom:0px\">\n<div class=\"wp-block-columns are-vertically-aligned-top is-layout-flex wp-container-core-columns-is-layout-4 wp-block-columns-is-layout-flex\">\n<div class=\"wp-block-column is-vertically-aligned-top is-layout-flow wp-container-core-column-is-layout-10 wp-block-column-is-layout-flow\">\n<figure class=\"wp-block-image size-large\"><img decoding=\"async\" src=\"https:\/\/infartexpress.hub369.com.br\/wp-content\/themes\/astra\/inc\/assets\/images\/starter-content\/building.svg\" alt=\"\" class=\"wp-image-134\"\/><\/figure>\n\n\n\n<h3 class=\"wp-block-heading has-text-align-left\" style=\"margin-top:16px\">Baixar o aplicativo do FGTS<\/h3>\n\n\n\n<p><\/p>\n<\/div>\n\n\n\n<div class=\"wp-block-column is-vertically-aligned-top is-layout-flow wp-container-core-column-is-layout-11 wp-block-column-is-layout-flow\">\n<figure class=\"wp-block-image size-large\"><img decoding=\"async\" src=\"https:\/\/infartexpress.hub369.com.br\/wp-content\/themes\/astra\/inc\/assets\/images\/starter-content\/shopping-bag.svg\" alt=\"\" class=\"wp-image-135\"\/><\/figure>\n\n\n\n<h3 class=\"wp-block-heading has-text-align-left\" style=\"margin-top:16px\">Optar pela modalidade de Saque anivers\u00e1rio<\/h3>\n\n\n\n<p><\/p>\n<\/div>\n\n\n\n<div class=\"wp-block-column is-vertically-aligned-top is-layout-flow wp-container-core-column-is-layout-12 wp-block-column-is-layout-flow\">\n<figure class=\"wp-block-image size-large\"><img decoding=\"async\" src=\"https:\/\/infartexpress.hub369.com.br\/wp-content\/themes\/astra\/inc\/assets\/images\/starter-content\/blog.svg\" alt=\"\" class=\"wp-image-136\"\/><\/figure>\n\n\n\n<h3 class=\"wp-block-heading has-text-align-left\" style=\"margin-top:16px\">Autorizar nosso parceiro a ter acesso aos dados do FGTS, via aplicativo FGTS<\/h3>\n\n\n\n<p><\/p>\n<\/div>\n<\/div>\n<\/div>\n\n\n\n<div class=\"wp-block-group alignfull has-background is-layout-constrained wp-block-group-is-layout-constrained\" id=\"contact\" style=\"background:linear-gradient(300deg,rgb(2,3,129) 0%,rgb(40,116,252) 100%);margin-top:var(--wp--preset--spacing--70);margin-bottom:var(--wp--preset--spacing--70);padding-top:104px;padding-bottom:104px\">\n<div class=\"wp-block-columns is-layout-flex wp-container-core-columns-is-layout-6 wp-block-columns-is-layout-flex\">\n<div class=\"wp-block-column is-layout-flow wp-block-column-is-layout-flow\">\n<figure class=\"wp-block-image size-full is-resized\"><img decoding=\"async\" src=\"https:\/\/infartexpress.hub369.com.br\/wp-content\/uploads\/2024\/03\/HUB369.png\" alt=\"\" class=\"wp-image-251\" style=\"width:246px;height:auto\"\/><figcaption class=\"wp-element-caption\" style=\"color:white;\">HUB369 SOLUCOES EM TECNOLOGIA LTDA<br>CNPJ: 51.991.900\/0001-89<\/figcaption><\/figure>\n<\/div>\n\n\n\n<div class=\"wp-block-column is-layout-flow wp-block-column-is-layout-flow\">\n<p style=\"color:white;\">A HUB369 \u00e9 uma plataforma digital que atua como Correspondente Banc\u00e1rio para facilitar o processo de contrata\u00e7\u00e3o de empr\u00e9stimos e outros produtos.<br><br>Rua Ary Barroso, 70, Sala 212, Torre 01, Papicu, Fortaleza, Cear\u00e1, Brasil, CEP: 60.175-705.<\/p>\n\n\n\n<div class=\"wp-block-columns alignwide is-not-stacked-on-mobile is-layout-flex wp-container-core-columns-is-layout-5 wp-block-columns-is-layout-flex\" style=\"border-style:none;border-width:0px;border-radius:0px;padding-right:var(--wp--preset--spacing--80);padding-left:var(--wp--preset--spacing--80)\">\n<div class=\"wp-block-column is-layout-flow wp-block-column-is-layout-flow\">\n<figure class=\"wp-block-image aligncenter size-large is-resized\"><a href=\"https:\/\/www.instagram.com\/hub369oficial\/\" target=\"_blank\" rel=\"noreferrer noopener\"><img loading=\"lazy\" decoding=\"async\" width=\"1024\" height=\"1024\" src=\"https:\/\/infartexpress.hub369.com.br\/wp-content\/uploads\/2024\/04\/img_instagram-1-1024x1024.png\" alt=\"\" class=\"wp-image-276\" style=\"width:30px\" srcset=\"https:\/\/infartexpress.hub369.com.br\/wp-content\/uploads\/2024\/04\/img_instagram-1-1024x1024.png 1024w, https:\/\/infartexpress.hub369.com.br\/wp-content\/uploads\/2024\/04\/img_instagram-1-300x300.png 300w, https:\/\/infartexpress.hub369.com.br\/wp-content\/uploads\/2024\/04\/img_instagram-1-150x150.png 150w, https:\/\/infartexpress.hub369.com.br\/wp-content\/uploads\/2024\/04\/img_instagram-1-768x768.png 768w, https:\/\/infartexpress.hub369.com.br\/wp-content\/uploads\/2024\/04\/img_instagram-1-1536x1536.png 1536w, https:\/\/infartexpress.hub369.com.br\/wp-content\/uploads\/2024\/04\/img_instagram-1-2048x2048.png 2048w\" sizes=\"(max-width: 1024px) 100vw, 1024px\" \/><\/a><\/figure>\n<\/div>\n\n\n\n<div class=\"wp-block-column is-layout-flow wp-block-column-is-layout-flow\">\n<figure class=\"wp-block-image aligncenter size-full is-resized\"><a href=\"https:\/\/www.linkedin.com\/company\/hub369\" target=\"_blank\" rel=\"noreferrer noopener\"><img loading=\"lazy\" decoding=\"async\" width=\"976\" height=\"977\" src=\"https:\/\/infartexpress.hub369.com.br\/wp-content\/uploads\/2024\/04\/img_linkedin-1.png\" alt=\"\" class=\"wp-image-277\" style=\"width:30px\" srcset=\"https:\/\/infartexpress.hub369.com.br\/wp-content\/uploads\/2024\/04\/img_linkedin-1.png 976w, https:\/\/infartexpress.hub369.com.br\/wp-content\/uploads\/2024\/04\/img_linkedin-1-300x300.png 300w, https:\/\/infartexpress.hub369.com.br\/wp-content\/uploads\/2024\/04\/img_linkedin-1-150x150.png 150w, https:\/\/infartexpress.hub369.com.br\/wp-content\/uploads\/2024\/04\/img_linkedin-1-768x769.png 768w\" sizes=\"(max-width: 976px) 100vw, 976px\" \/><\/a><\/figure>\n<\/div>\n\n\n\n<div class=\"wp-block-column is-vertically-aligned-stretch is-layout-flow wp-block-column-is-layout-flow\">\n<figure class=\"wp-block-image aligncenter size-large is-resized has-custom-border\"><a href=\"https:\/\/api.whatsapp.com\/send\/?phone=5585996312005&amp;text&amp;type=phone_number&amp;app_absent=0\" target=\"_blank\" rel=\"noreferrer noopener\"><img loading=\"lazy\" decoding=\"async\" width=\"1024\" height=\"1024\" src=\"https:\/\/infartexpress.hub369.com.br\/wp-content\/uploads\/2024\/04\/img_zap-1024x1024.png\" alt=\"\" class=\"wp-image-280\" style=\"border-style:none;border-width:0px;border-radius:0px;width:30px\" srcset=\"https:\/\/infartexpress.hub369.com.br\/wp-content\/uploads\/2024\/04\/img_zap-1024x1024.png 1024w, https:\/\/infartexpress.hub369.com.br\/wp-content\/uploads\/2024\/04\/img_zap-300x300.png 300w, https:\/\/infartexpress.hub369.com.br\/wp-content\/uploads\/2024\/04\/img_zap-150x150.png 150w, https:\/\/infartexpress.hub369.com.br\/wp-content\/uploads\/2024\/04\/img_zap-768x768.png 768w, https:\/\/infartexpress.hub369.com.br\/wp-content\/uploads\/2024\/04\/img_zap.png 1200w\" sizes=\"(max-width: 1024px) 100vw, 1024px\" \/><\/a><\/figure>\n<\/div>\n<\/div>\n<\/div>\n<\/div>\n<\/div>\n","protected":false},"excerpt":{"rendered":"<p>Como funciona? \u00c9 poss\u00edvel fazer a antecipa\u00e7\u00e3o do saque-anivers\u00e1rio com todas as contas FGTS vinculadas (ativas ou inativas) que contenham [&hellip;]<\/p>\n","protected":false},"author":1,"featured_media":0,"parent":0,"menu_order":1,"comment_status":"closed","ping_status":"closed","template":"","meta":{"site-sidebar-layout":"no-sidebar","site-content-layout":"plain-container","ast-site-content-layout":"","site-content-style":"default","site-sidebar-style":"default","ast-global-header-display":"","ast-banner-title-visibility":"","ast-main-header-display":"","ast-hfb-above-header-display":"","ast-hfb-below-header-display":"","ast-hfb-mobile-header-display":"","site-post-title":"disabled","ast-breadcrumbs-content":"","ast-featured-img":"","footer-sml-layout":"","theme-transparent-header-meta":"enabled","adv-header-id-meta":"","stick-header-meta":"","header-above-stick-meta":"","header-main-stick-meta":"","header-below-stick-meta":"","astra-migrate-meta-layouts":"default","ast-page-background-enabled":"default","ast-page-background-meta":{"desktop":{"background-color":"var(--ast-global-color-4)","background-image":"","background-repeat":"repeat","background-position":"center center","background-size":"auto","background-attachment":"scroll","background-type":"","background-media":"","overlay-type":"","overlay-color":"","overlay-gradient":""},"tablet":{"background-color":"","background-image":"","background-repeat":"repeat","background-position":"center center","background-size":"auto","background-attachment":"scroll","background-type":"","background-media":"","overlay-type":"","overlay-color":"","overlay-gradient":""},"mobile":{"background-color":"","background-image":"","background-repeat":"repeat","background-position":"center center","background-size":"auto","background-attachment":"scroll","background-type":"","background-media":"","overlay-type":"","overlay-color":"","overlay-gradient":""}},"ast-content-background-meta":{"desktop":{"background-color":"var(--ast-global-color-5)","background-image":"","background-repeat":"repeat","background-position":"center center","background-size":"auto","background-attachment":"scroll","background-type":"","background-media":"","overlay-type":"","overlay-color":"","overlay-gradient":""},"tablet":{"background-color":"var(--ast-global-color-5)","background-image":"","background-repeat":"repeat","background-position":"center center","background-size":"auto","background-attachment":"scroll","background-type":"","background-media":"","overlay-type":"","overlay-color":"","overlay-gradient":""},"mobile":{"background-color":"var(--ast-global-color-5)","background-image":"","background-repeat":"repeat","background-position":"center center","background-size":"auto","background-attachment":"scroll","background-type":"","background-media":"","overlay-type":"","overlay-color":"","overlay-gradient":""}},"footnotes":""},"_links":{"self":[{"href":"https:\/\/infartexpress.hub369.com.br\/index.php\/wp-json\/wp\/v2\/pages\/7"}],"collection":[{"href":"https:\/\/infartexpress.hub369.com.br\/index.php\/wp-json\/wp\/v2\/pages"}],"about":[{"href":"https:\/\/infartexpress.hub369.com.br\/index.php\/wp-json\/wp\/v2\/types\/page"}],"author":[{"embeddable":true,"href":"https:\/\/infartexpress.hub369.com.br\/index.php\/wp-json\/wp\/v2\/users\/1"}],"replies":[{"embeddable":true,"href":"https:\/\/infartexpress.hub369.com.br\/index.php\/wp-json\/wp\/v2\/comments?post=7"}],"version-history":[{"count":64,"href":"https:\/\/infartexpress.hub369.com.br\/index.php\/wp-json\/wp\/v2\/pages\/7\/revisions"}],"predecessor-version":[{"id":748,"href":"https:\/\/infartexpress.hub369.com.br\/index.php\/wp-json\/wp\/v2\/pages\/7\/revisions\/748"}],"wp:attachment":[{"href":"https:\/\/infartexpress.hub369.com.br\/index.php\/wp-json\/wp\/v2\/media?parent=7"}],"curies":[{"name":"wp","href":"https:\/\/api.w.org\/{rel}","templated":true}]}}